
List the prime factors of 2270356221.
3, 7, 8893, 12157
What are the prime factors of 208181890?
2, 5, 7, 424861
List the prime factors of 609589003.
59, 10332017
What are the prime factors of 101439078?
2, 3, 13, 1300501
What are the prime factors of 7167540362?
2, 3583770181
List the prime factors of 134269450.
2, 5, 7, 383627
List the prime factors of 657818119.
7, 93974017
List the prime factors of 2392149316.
2, 23, 109, 238547
List the prime factors of 463269959.
67, 71, 97387
List the prime factors of 165664887.
3, 41, 163, 8263
List the prime factors of 61029232.
2, 11, 131, 2647
What are the prime factors of 217575364?
2, 54393841
List the prime factors of 66248580.
2, 3, 5, 877, 1259
List the prime factors of 32180060.
2, 5, 11, 146273
List the prime factors of 337745732.
2, 17, 4966849
What are the prime factors of 34809341?
7, 37, 134399
List the prime factors of 37990882.
2, 1759, 10799
List the prime factors of 103833012.
2, 3, 31, 279121
List the prime factors of 1046871172.
2, 761, 343913
List the prime factors of 1061844891.
3, 31, 193, 59159
List the prime factors of 284425854.
2, 3, 67, 707527
List the prime factors of 1058549736.
2, 3, 19, 2321381
What are the prime factors of 1268196034?
2, 7, 23, 109, 1571
What are the prime factors of 79469827?
79469827
What are the prime factors of 4418186168?
2, 11, 17, 139, 21247
List the prime factors of 46636269.
3, 61, 73, 3491
List the prime factors of 90817956.
2, 3, 840907
List the prime factors of 65657683.
7, 13, 55501
What are the prime factors of 2710710018?
2, 3, 7549, 19949
What are the prime factors of 1907230627?
1907230627
List the prime factors of 299861778.
2, 3, 49976963
List the prime factors of 41562294.
2, 3, 223, 31063
List the prime factors of 15854427.
3, 587201
What are the prime factors of 719198223?
3, 239732741
List the prime factors of 1216216284.
2, 3, 101351357
List the prime factors of 99079884.
2, 3, 2752219
What are the prime factors of 432264574?
2, 7, 853, 5171
List the prime factors of 186233463.
3, 13, 1021, 1559
List the prime factors of 1130713424.
2, 593, 119173
What are the prime factors of 354512106?
2, 3, 13, 349, 1447
What are the prime factors of 300985515?
3, 5, 109, 61363
List the prime factors of 2295265413.
3, 7, 109298353
What are the prime factors of 1289956950?
2, 3, 5, 83, 34537
What are the prime factors of 41518144?
2, 37, 89, 197
What are the prime factors of 2680340121?
3, 23, 101, 128203
What are the prime factors of 266843573?
266843573
List the prime factors of 478742280.
2, 3, 5, 3989519
List the prime factors of 388481902.
2, 3373, 57587
List the prime factors of 717649272.
2, 3, 79, 281, 449
List the prime factors of 869486096.
2, 157, 346133
List the prime factors of 214989784.
2, 26873723
What are the prime factors of 736249742?
2, 619, 594709
List the prime factors of 353719324.
2, 7, 1021, 12373
What are the prime factors of 757215197?
8971, 84407
What are the prime factors of 49211032?
2, 13, 83, 5701
List the prime factors of 61414194.
2, 3, 19, 538721
List the prime factors of 714856824.
2, 3, 11, 902597
List the prime factors of 18227610.
2, 3, 5, 202529
List the prime factors of 77881977.
3, 8653553
List the prime factors of 127952129.
127952129
What are the prime factors of 5309750853?
3, 11, 29, 616481
What are the prime factors of 6460693614?
2, 3, 19, 18890917
List the prime factors of 105261404.
2, 4603, 5717
What are the prime factors of 883689779?
7, 126241397
List the prime factors of 2464829167.
17, 1117, 129803
What are the prime factors of 168128132?
2, 191, 220063
What are the prime factors of 560724059?
7, 1549, 51713
What are the prime factors of 27283847?
2543, 10729
What are the prime factors of 91672530?
2, 3, 5, 19, 160829
What are the prime factors of 7011159?
3, 23, 101611
List the prime factors of 213180112.
2, 13323757
List the prime factors of 917488720.
2, 5, 19, 31769
What are the prime factors of 2308274035?
5, 16057, 28751
What are the prime factors of 581457048?
2, 3, 3371, 7187
What are the prime factors of 557621521?
31, 17987791
What are the prime factors of 27588175?
5, 691, 1597
List the prime factors of 640084775.
5, 11, 47, 49523
What are the prime factors of 6913611111?
3, 11, 19, 3121, 3533
List the prime factors of 613575692.
2, 23, 59, 113039
List the prime factors of 68218293.
3, 11, 13, 159017
What are the prime factors of 67713511?
19, 47, 191, 397
What are the prime factors of 198364758?
2, 3, 33060793
List the prime factors of 1107985512.
2, 3, 46166063
List the prime factors of 1941430476.
2, 3, 643, 251611
List the prime factors of 121830046.
2, 13, 113, 41467
What are the prime factors of 153340454?
2, 76670227
List the prime factors of 32627025.
3, 5, 145009
List the prime factors of 89009857.
6529, 13633
List the prime factors of 31587596.
2, 7896899
List the prime factors of 34785104.
2, 971, 2239
What are the prime factors of 972358397?
972358397
What are the prime factors of 3936228705?
3, 5, 17, 257, 20021
List the prime factors of 395827711.
17, 23283983
What are the prime factors of 530002901?
887, 597523
List the prime factors of 665480669.
7, 2749, 34583
List the prime factors of 852170796.
2, 3, 23671411
What are the prime factors of 47686082?
2, 73, 326617
List the prime factors of 197349783.
3, 6469, 10169
What are the prime factors of 1634776755?
3, 5, 1009, 108013
List the prime factors of 1063306049.
13, 81792773
What are the prime factors of 1520201660?
2, 5, 76010083
List the prime factors of 1594361218.
2, 17, 46892977
List the prime factors of 587175743.
7, 11, 31, 245989
List the prime factors of 63742946.
2, 41, 777353
What are the prime factors of 70981947?
3, 37, 41, 1733
What are the prime factors of 2073694795?
5, 8219, 50461
What are the prime factors of 1682098726?
2, 7, 11, 10922719
What are the prime factors of 3476032091?
7, 496576013
What are the prime factors of 5544689210?
2, 5, 613, 904517
What are the prime factors of 784006194?
2, 3, 151, 865349
What are the prime factors of 23604471?
3, 11, 151, 1579
List the prime factors of 1636479421.
1636479421
What are the prime factors of 322179730?
2, 5, 32217973
List the prime factors of 1146661194.
2, 3, 7, 829, 32933
What are the prime factors of 319766563?
2351, 136013
List the prime factors of 3811772053.
3811772053
What are the prime factors of 1456620259?
167, 353, 24709
List the prime factors of 1229006439.
3, 31, 489449
List the prime factors of 1496603552.
2, 19, 2461519
List the prime factors of 212112546.
2, 3, 2897, 12203
List the prime factors of 1578242495.
5, 29, 811, 13421
What are the prime factors of 39428453?
39428453
What are the prime factors of 30542203?
30542203
List the prime factors of 467011817.
37, 12621941
What are the prime factors of 86326706?
2, 43163353
List the prime factors of 46320692.
2, 11, 1052743
What are the prime factors of 161710553?
137, 1180369
What are the prime factors of 305889242?
2, 152944621
What are the prime factors of 24479884?
2, 11, 13, 42797
List the prime factors of 62949389.
62949389
List the prime factors of 215463034.
2, 23, 769, 6091
List the prime factors of 2497485782.
2, 11, 73, 89, 101, 173
What are the prime factors of 302521937?
569, 531673
What are the prime factors of 78830768?
2, 17, 31, 9349
List the prime factors of 92784154.
2, 46392077
What are the prime factors of 3544273044?
2, 3, 13, 23, 41, 2677
What are the prime factors of 103908304?
2, 1031, 6299
What are the prime factors of 719384645?
5, 7, 20553847
List the prime factors of 1085143.
1085143
List the prime factors of 81595325.
5, 7, 17, 27427
List the prime factors of 31934437.
97, 401, 821
List the prime factors of 869863406.
2, 83, 5240141
What are the prime factors of 388505116?
2, 1523, 63773
What are the prime factors of 673490071?
17, 23, 1722481
What are the prime factors of 349016401?
191, 1827311
List the prime factors of 4124537102.
2, 7, 6637, 44389
What are the prime factors of 522019260?
2, 3, 5, 7, 53, 7817
List the prime factors of 102150912.
2, 3, 23, 5783
List the prime factors of 33931356.
2, 3, 769, 3677
List the prime factors of 112841683.
677, 166679
What are the prime factors of 12886391?
7, 17, 108289
List the prime factors of 5